What is the hundred millions digit of 3184010162?
1
What is the hundred millions digit of 748230720?
7
What is the thousands digit of 68790487?
0
What is the ten millions digit of 667295273?
6
What is the units digit of 1604982409?
9
What is the ten thousands digit of 260175875?
7
What is the millions digit of 78431013?
8
What is the hundred thousands digit of 2317605217?
6
What is the millions digit of 305048759?
5
What is the hundreds digit of 335596815?
8
What is the hundreds digit of 1452995921?
9
What is the hundreds digit of 3137153059?
0
What is the millions digit of 567259531?
7
What is the hundred thousands digit of 15099535?
0
What is the units digit of 17044547?
7
What is the millions digit of 100260171?
0
What is the units digit of 522005276?
6
What is the ten thousands digit of 131773874?
7
What is the ten thousands digit of 976731438?
3
What is the tens digit of 160103648?
4
What is the millions digit of 792244672?
2
What is the tens digit of 481123527?
2
What is the tens digit of 347768583?
8
What is the ten millions digit of 130728990?
3
What is the thousands digit of 222723071?
3
What is the billions digit of 4703614571?
4
What is the hundred thousands digit of 98088270?
0
What is the millions digit of 332045622?
2
What is the ten thousands digit of 966653505?
5
What is the millions digit of 51996130?
1
What is the ten thousands digit of 63805119?
0
What is the ten thousands digit of 2174406529?
0
What is the millions digit of 2623222514?
3
What is the tens digit of 153136323?
2
What is the thousands digit of 1742998?
2
What is the thousands digit of 44723573?
3
What is the units digit of 778492610?
0
What is the billions digit of 1369968032?
1
What is the thousands digit of 1867897778?
7
What is the hundreds digit of 1634852809?
8
What is the ten thousands digit of 90817241?
1
What is the hundreds digit of 12804294?
2
What is the thousands digit of 52004897?
4
What is the hundred millions digit of 377897308?
3
What is the ten millions digit of 5484175037?
8
What is the hundred millions digit of 719548264?
7
What is the units digit of 709546798?
8
What is the hundred thousands digit of 32820961?
8
What is the hundred thousands digit of 27224631?
2
What is the hundreds digit of 26748117?
1
What is the hundred millions digit of 2317075835?
3
What is the billions digit of 3054630291?
3
What is the units digit of 1588491?
1
What is the billions digit of 2226453368?
2
What is the billions digit of 7056518554?
7
What is the tens digit of 231544232?
3
What is the hundreds digit of 29326004?
0
What is the hundred millions digit of 2177199917?
1
What is the units digit of 3078363?
3
What is the billions digit of 8116105698?
8
What is the tens digit of 692431841?
4
What is the units digit of 198192136?
6
What is the millions digit of 400060741?
0
What is the millions digit of 772890136?
2
What is the tens digit of 5915112684?
8
What is the hundreds digit of 40921140?
1
What is the tens digit of 666016269?
6
What is the tens digit of 95882059?
5
What is the hundreds digit of 8741465155?
1
What is the units digit of 77927305?
5
What is the ten millions digit of 13442494?
1
What is the thousands digit of 452570?
2
What is the hundred thousands digit of 190505238?
5
What is the hundreds digit of 291056001?
0
What is the hundred thousands digit of 56861977?
8
What is the thousands digit of 1392806688?
6
What is the ten thousands digit of 613776771?
7
What is the hundreds digit of 298318077?
0
What is the hundred millions digit of 100145207?
1
What is the ten millions digit of 980445986?
8
What is the millions digit of 253326672?
3
What is the units digit of 22961642?
2
What is the ten thousands digit of 454300201?
0
What is the tens digit of 21839842?
4
What is the millions digit of 1986903441?
6
What is the hundreds digit of 98240134?
1
What is the units digit of 4397515045?
5
What is the hundred millions digit of 403554517?
4
What is the tens digit of 1991142497?
9
What is the units digit of 1608355578?
8
What is the hundred millions digit of 1710949419?
7
What is the tens digit of 11560648?
4
What is the millions digit of 3975032457?
5
What is the hundred millions digit of 373704298?
3
What is the millions digit of 160856424?
0
What is the ten thousands digit of 40181254?
8
What is the ten thousands digit of 322868132?
6
What is the millions digit of 2678824790?
8
What is the hundred thousands digit of 44035345?
0
What is the tens digit of 95479434?
3
What is the tens digit of 49077003?
0
What is the hundred thousands digit of 1333200393?
2
What is the ten millions digit of 39542304?
3
What is the thousands digit of 1074096545?
6
What is the ten millions digit of 33015416?
3
What is the ten millions digit of 17016838?
1
What is the ten millions digit of 161926388?
6
What is the hundred thousands digit of 97622960?
6
What is the millions digit of 60428115?
0
What is the tens digit of 186119018?
1
What is the ten millions digit of 16850519?
1
What is the millions digit of 24163479?
4
What is the ten millions digit of 559721312?
5
What is the hundreds digit of 2820122603?
6
What is the hundreds digit of 1959177442?
4
What is the hundreds digit of 93907799?
7
What is the tens digit of 71540534?
3
What is the hundred thousands digit of 7262032?
2
What is the ten thousands digit of 48731201?
3
What is the thousands digit of 748489784?
9
What is the thousands digit of 64770920?
0
What is the tens digit of 65113743?
4
What is the thousands digit of 4325485319?
5
What is the units digit of 50602591?
1
What is the thousands digit of 12080461?
0
What is the hundred thousands digit of 85265377?
2
What is the hundreds digit of 217110493?
4
What is the hundred thousands digit of 78158085?
1
What is the hundred millions digit of 326223205?
3
What is the hundreds digit of 81760513?
5
What is the units digit of 363491909?
9
What is the hundreds digit of 1481003053?
0
What is the hundred millions digit of 140358971?
1
What is the millions digit of 850846337?
0
What is the hundreds digit of 925286124?
1
What is the hundreds digit of 3372224656?
6
What is the ten millions digit of 30259366?
3
What is the thousands digit of 254552997?
2
What is the millions digit of 71548493?
1
What is the tens digit of 2905756523?
2
What is the tens digit of 249225391?
9
What is the hundred thousands digit of 19498838?
4
What is the ten thousands digit of 157926002?
2
What is the hundred millions digit of 127828639?
1
What is the hundreds digit of 2604344007?
0
What is the thousands digit of 20149238?
9
What is the hundred thousands digit of 294902083?
9
What is the thousands digit of 315757091?
7
What is the hundred millions digit of 1277639699?
2
What is the hundred thousands digit of 12638487?
6
What is the ten millions digit of 291846344?
9
What is the billions digit of 2749782553?
2
What is the tens digit of 1780120938?
3
What is the units digit of 637720?
0
What is the units digit of 629409389?
9
What is the ten millions digit of 273081479?
7
What is the tens digit of 113847496?
9
What is the hundreds digit of 5186576553?
5
What is the hundred millions digit of 1874740045?
8
What is the hundreds digit of 991971857?
8
What is the hundred thousands digit of 161748842?
7
What is the millions digit of 5399026?
5
What is the thousands digit of 28456579?
6
What is the hundred thousands digit of 106109446?
1
What is the hundred thousands digit of 62232273?
2
What is the tens digit of 98534842?
4
What is the hundred thousands digit of 123308832?
3
What is the hundreds digit of 884668060?
0
What is the units digit of 63138820?
0
What is the hundred thousands digit of 853876540?
8
What is the thousands digit of 870958533?
8
What is the hundred thousands digit of 174104008?
1
What is the ten millions digit of 1579918710?
7
What is the hundreds digit of 335523232?
2
What is the ten millions digit of 152233524?
5
What is the thousands digit of 35565280?
5
What is the millions digit of 637637073?
7
What is the hundred thousands digit of 62470458?
4
What is the units digit of 331371434?
4
What is the thousands digit of 44087421?
7
What is the thousands digit of 7807034?
7
What is the hundred thousands digit of 157933070?
9
What is the hundreds digit of 5921154801?
8
What is the 